(2 - (x - 1))/1. What are the prime factors of (5 - 2) + (0 - l)?
2
Let m be 2/(-9) + (-4)/(-18). Suppose -1 = 4*c - 17, -2*j - c + 34 = m. List the prime factors of j.
3, 5
Suppose 0 = -4*j + 3*i + 56 + 36, 2*i = 0. List the prime factors of j.
23
Suppose 62 - 12 = 2*b. What are the prime factors of b?
5
Suppose 2*r = -4*c + r + 38, 5*c + 3*r = 51. Suppose 3*i - c = -0. Suppose -i*l - l = -32. What are the prime factors of l?
2
Let k(d) = d**2 - 9*d - 4. Let u(p) = 5*p**2 - 37*p - 15. Let s(b) = -9*k(b) + 2*u(b). What are the prime factors of s(-7)?
2, 3
Suppose -2*u + 4*g = -g - 293, -2*g + 314 = 2*u. What are the prime factors of u?
2, 7, 11
Let d be 4 - (0 - (0 - -1)). Let l(t) = -t + 3. Let v(i) = 3*i - 6. Let g(f) = 7*l(f) + 3*v(f). What are the prime factors of g(d)?
13
Suppose 2*m = -f + 53, 139 = 2*f + f + m. What are the prime factors of f?
3, 5
Let p(c) = c**2 + 5*c + 2. Let s be p(-5). Suppose 12 = 4*m - s*f - 0, -f = -m + 2. What are the prime factors of m?
2
Let o(r) = 18*r + 6. Let g be o(14). Suppose 8*i = 2*i + g. List the prime factors of i.
43
Suppose -4*t + 5*h - 8 + 42 = 0, 3*t = -2*h + 14. Suppose -14 = -5*k - 2*r, -3*k + 2*r + 1 = -1. Suppose 0*w = -k*w + t. List the prime factors of w.
3
Suppose j + j = -5*t + 10, -4*j + 10 = 5*t. Let u(v) = v + v**t + 0*v + v. List the prime factors of u(-3).
3
Let y be (-14)/(-77) + 2/(-11). Suppose y = -3*v + 14 - 2. Suppose 2*k = v*k - 26. What are the prime factors of k?
13
Suppose 0 = 5*u - 15, -r + 14 = 3*r + 2*u. Suppose r*v = 4, -4*q + 4*v = 2*v - 4. What are the prime factors of q?
2
Let c(u) = -2*u - 7. Let j(r) be the first derivative of r**2 - 2*r + 1. Let w be j(-2). List the prime factors of c(w).
5
Let v be 30/9 - 2/6. Let f = v - -1. Suppose 19 - f = 5*c. What are the prime factors of c?
3
List the prime factors of 2 - 3 - (-2 - 30).
31
Let c(i) = i**3 + 4*i**2 - 2*i + 1. Suppose -18 = -4*k + 70. Let q be k/(-6) + 3/(-9). List the prime factors of c(q).
3
Suppose 8*r = 5*r. Suppose 111 = 4*a - 3*z, -3*z + r*z + 78 = 3*a. List the prime factors of a.
3
Let u be 55 - 1/(-2)*4. Let s = u - 36. What are the prime factors of s?
3, 7
Let n(x) = x**3 + 7*x**2. Let s be n(-7). Suppose 2*q = -s*q - 6. Let f(m) = -3*m. List the prime factors of f(q).
3
Suppose -5*j = 2*y - 687, -4*y = -0*j + 3*j - 401. List the prime factors of j.
139
Let c(i) = i - 5. Let h be c(7). Suppose -4*l + 43 + 49 = -h*w, 4 = 2*w. What are the prime factors of l?
2, 3
Let h(k) = 109*k**2 + 2. What are the prime factors of h(-1)?
3, 37
Suppose -6*r - 4*s + 248 = -2*r, 0 = 3*r - 4*s - 172. What are the prime factors of r?
2, 3, 5
Suppose 2*g + 15 = -37. Let r = g - -39. List the prime factors of r.
13
Suppose -o + r + 24 = 5*r, -10 = -5*r. Suppose 2*k + o = -2*k. Let f = 12 + k. List the prime factors of f.
2
Suppose -5*c + 2*c - f - 22 = 0, 6 = -2*c - 5*f. Let z = c - -14. What are the prime factors of 316/44 - z/33?
7
Suppose -2*l + 5*l - 684 = -3*f, -l = -4*f - 213. What are the prime factors of l?
3, 5
Let z(w) = 2*w + 1. Let l be z(2). Suppose -l*u + 131 = -14. What are the prime factors of u?
29
Let s = 40 + -83. Let d = s - -91. What are the prime factors of 3/((-3)/d*-6)?
2
Let b(a) = a**3 - 6*a**2 + 7*a - 10. What are the prime factors of b(6)?
2
Suppose 3*o = -9, 6*o - 40 = -4*h + 2*o. List the prime factors of h.
13
Suppose 3*g - 14 + 173 = 0. Let s = -38 - g. What are the prime factors of s?
3, 5
Let d(m) = -3*m. Let s be d(-3). Let n be ((-3)/2)/(s/(-12)). Suppose -k + 2*k - 3*j - 6 = 0, 0 = -n*k - 4*j + 22. List the prime factors of k.
3
Let j = -1 + 8. Suppose 2*z = j*z - 10. Let b = z - -2. What are the prime factors of b?
2
Let s(j) = j + 3. Let w be s(0). Suppose -2*h + 21 = w*r - 8*r, r - 27 = -2*h. List the prime factors of h.
13
Let n = 4 + 45. Suppose 5*z = -3*k + 147, -4*z = -k - 7*z + n. List the prime factors of k.
7
Let f = 135 - 100. List the prime factors of f.
5, 7
What are the prime factors of (-12 + (-6 - -4))*-1?
2, 7
List the prime factors of 11/((-44)/(-168)) - 0.
2, 3, 7
Suppose z = 17 + 31. Suppose -4*j + 0*j + z = 0. List the prime factors of j.
2, 3
Let l(u) be the third derivative of -u**4/24 + u**3 + u**2. Let a be l(6). Let t(m) = m**3 + m + 9. List the prime factors of t(a).
3
Let v = -65 + 110. Let p = v - 25. List the prime factors of p.
2, 5
Let q = -159 + 278. What are the prime factors of q?
7, 17
Let k(w) be the first derivative of -w**4/4 - 2*w**3 - 7*w**2/2 + w - 1. What are the prime factors of k(-5)?
11
Let c(y) = 2*y**3 - 5*y**2 + 5*y + 1. What are the prime factors of c(4)?
3, 23
Suppose 2*r + 4*m = 498, 2*r + r + 2*m - 727 = 0. List the prime factors of r.
239
Let p(s) = 3*s. Let v be p(2). Let j be 3/v - 10/4. Let f = j - -6. List the prime factors of f.
2
Let d(u) = 11 - 1 + 2*u - 2*u + u. List the prime factors of d(-8).
2
Let x(p) be the second derivative of -p**5/20 - 5*p**4/12 + 5*p**3/6 - 4*p**2 + 3*p. Let h be x(-6). What are the prime factors of 44/(-10)*5/h?
11
Let u = -16 + 16. Suppose 3*b + 2*a = 7, -b - 3*a - 5 = 2. Suppose -2*f = b*x - 76 + 15, 4*f - 12 = u. List the prime factors of x.
11
Let h(k) = -k**3 - 8*k**2 - 4*k - 9. Let p be h(-8). Suppose 25*y - 88 = p*y. What are the prime factors of y?
2, 11
Let w(a) be the first derivative of a**4/4 - 10*a**3/3 + 5*a**2 + 8*a - 7. List the prime factors of w(9).
17
Suppose 0 = 3*x - 3*h - 33, 10 = 3*x - h - 19. List the prime factors of x.
3
What are the prime factors of 4*3/(-6)*(-54)/4?
3
What are the prime factors of (-386)/(-6) + 1/(-3)?
2
Let i = 10 - 7. Suppose 0 = 2*q + i*q - 25. List the prime factors of q.
5
Let j(a) = -a**2 - 5*a + 2. Let r be j(-5). Suppose -3*n - r*n = 30. Let w = 12 + n. List the prime factors of w.
2, 3
Let f(l) = 2*l**2 + 21. List the prime factors of f(-5).
71
Let d be (-116)/6*(-3)/(-2). Let g = 64 + d. What are the prime factors of g?
5, 7
Suppose l - 125 = -4*l. List the prime factors of l.
5
Let r(l) = -l**2 - 23*l + 3. List the prime factors of r(-14).
3, 43
Suppose -9*a + 10 = -4*a, -130 = -3*c - 5*a. List the prime factors of c.
2, 5
Let k(p) = 11*p**2 + 3*p + 1. List the prime factors of k(-1).
3
What are the prime factors of ((-6)/(-9))/(1/66)?
2, 11
Let q = 10 - 20. Let z be (-44)/10*(0 + q). Suppose 0 = -5*p + p + z. What are the prime factors of p?
11
Let i be 0 - 3 - -19*3. Let a = i - 30. List the prime factors of a.
2, 3
Suppose 0 = x + 4 - 46. Suppose -3*n + 3*c + 54 = 0, -4*n + n - c = -x. List the prime factors of n.
3, 5
Let y = 7 - 5. Suppose -5*h - 2*o = 152, -y*h - 2*o - 63 = o. Let s = -18 - h. What are the prime factors of s?
2, 3
Let u be 1 + 26 + 1 + 1. Suppose b - u = -b - a, 0 = 5*b + 4*a - 71. Suppose d - b = -5. What are the prime factors of d?
2, 5
Let m(q) = q**2 - 3*q + 3. Let i be 4/(2/1) - -3. What are the prime factors of m(i)?
13
Suppose 0 = -11*p + 2877 - 413. What are the prime factors of p?
2, 7
List the prime factors of -43*(0/(-4) + -2).
2, 43
Let p = -10 - -11. Suppose -8 = r + 7. What are the prime factors of (r - -1)*p/(-2)?
7
Let m be 6*(2 - (-24)/(-9)). Let b be 0 + 1 + (0 - m). Suppose -x - 2*x = b*l, 5*x + 22 = -l. List the prime factors of l.
3
Let c(n) = -2 - n**2 - 4*n + 0 - 2*n**2 + n**3. Let l be c(-3). List the prime factors of (l/6)/(6/(-9)).
11
Suppose 0 = i - 4*i + h + 355, 2*h = -5*i + 599. List the prime factors of i.
7, 17
Let y = -3 + 58. What are the prime factors of y?
5, 11
List the prime factors of (-108)/(-14)*(20/12 - -3).
2, 3
Let u(t) = 25*t**3 + 2*t**2 - 1. Suppose -4*y + 5 - 1 = 0. Let d be u(y). Suppose -a = 3*b - 20, 0*b + 3*b - 5*a = d. What are the prime factors of b?
7
Let c(h) = -h**2 - 8*h - 2. Let v be c(-7). Suppose -v = -f + b + 4, -f + 4*b = -9. What are the prime factors of f?
3
Let z be 3 - 8 - 1/1. What are the prime factors of 4/z - (-52)/6?
2
Let s be (-24)/(-9)*(3 - 0). Suppose 2*b - s + 0 = 0. What are the prime factors of b?
2
Let w(l) = -l**3 - 6*l**2 - 6*l - 3. Let z be w(-5). Suppose c - z*c = -13. What are the prime factors of c?
13
Let g(h) = -h - 2. List the prime factors of g(-6).
2
Let t(m) = m**2 - 20*m + 34. What are the prime factors of t(19)?
3, 5
Suppose -5*r + 15 = -2*h, 3 + 9 = 4*r + 3*h. Suppose 0 = -2*c + r*y + 42, 2*c - 6 - 8 = -4*y. What are the 